- 1. What is the greatest common factor of c and 2?
2
Suppose -a = a + k - 33, 3*a + 3*k - 57 = 0. Suppose a = c - 10. Calculate the highest common factor of 4 and c.
4
Let r(g) = 17*g - 8. Let y(v) = 4*v - 2. Let z(j) = -6*r(j) + 22*y(j). Let k be z(-4). What is the greatest common divisor of k and 24?
12
Suppose -3*y = 4*m + 2*y + 13, -4*y = -5*m + 35. Suppose 0 = -2*t + 1 + m. Let g = 27 - 9. Calculate the highest common divisor of g and t.
2
Let v be 2/5 - (1952/(-20) - -4). What is the greatest common factor of v and 141?
47
Suppose 29 = -5*i + 9, 4*k = 3*i - 8. Let z be 158 + -1 - (-8 - k). Calculate the greatest common divisor of 20 and z.
20
Let j(q) = -q - 6. Let u = 11 + -21. Let y be j(u). Calculate the greatest common factor of y and 44.
4
Suppose -43 = -2*b + 5*m, -7*b + 2*b = 4*m - 25. What is the greatest common divisor of b and 99?
9
Let z(f) = -3*f + 9. Let d be z(-2). Calculate the highest common factor of 60 and d.
15
Let s(a) = a**3 - a**2 - 7*a + 7. Let y be s(5). What is the greatest common factor of 24 and y?
24
Let a = 25 - -75. Let g be (-5 - -1)*(-5 - 0). What is the greatest common factor of g and a?
20
Suppose 0*w - 2*w - 4*b = -72, 4*w = -4*b + 144. Calculate the highest common factor of w and 24.
12
Let v(m) = 3*m + m + 1 - 12 - 9*m**2 + m**3. Let i be v(9). What is the greatest common factor of i and 275?
25
Let y(r) = -r**2 - 7*r + 2. Let m be y(-7). Calculate the greatest common divisor of m and 8.
2
Let q = 66 - 45. Calculate the greatest common factor of 21 and q.
21
Suppose 5*r + 3*c - 326 = 2*c, r + 3*c - 54 = 0. Let z be 17/3 + (-2)/(-6). What is the greatest common factor of z and r?
6
Suppose 16 = l + 1. Suppose 0 = 2*a - a - 4, 5*o = 5*a + l. Let w(j) = 10*j + 6. Let d be w(5). What is the greatest common factor of d and o?
7
Suppose 0 = -2*v + 5*n + 82, 2*v + 3*n + 78 = 4*v. Let z be (-6)/27 - (-76)/18. Calculate the greatest common factor of v and z.
4
Suppose -2*l = -i - 6, 3*i + 18 = 3*l - 8*l. Let t(x) = x**2 + 5*x + 9. Let u be t(i). Suppose 0*a = 3*a - 225. What is the greatest common divisor of u and a?
15
Let w be 2*60/7*56. Suppose 3*l = -l + w. Calculate the highest common divisor of 30 and l.
30
Let p = -4 - -24. Let q be (1*12)/(3/15). What is the greatest common divisor of p and q?
20
Suppose -4*w + w - 10 = 2*o, -o = -4*w - 17. Let g(z) = -3*z - 4. Let f be g(-3). What is the greatest common factor of o and f?
1
Let p be (-2)/8 + 9/4. Let o be 0 + p + (4 - 4). Let g be (o/1)/2 + 5. What is the highest common divisor of 15 and g?
3
Suppose -5*k - 4 = -a - 0, k + 2*a = 8. Suppose k*x = -3*x. Suppose -33 = -x*p - p. What is the greatest common factor of p and 11?
11
Let r(i) = i**2 + 8*i - 15. Let t be r(-11). Let u = 29 - t. Let w = -33 - -55. Calculate the highest common divisor of u and w.
11
Let r(t) = 14*t - 2. Let n be r(1). Let o(q) = -q**3 + 4*q**2 + 2*q - 3. Let d = -1 + 4. Let x be o(d). Calculate the highest common factor of n and x.
12
Let y = -91 - -133. Let w be 40/7 - (-12)/y. Calculate the highest common divisor of w and 15.
3
Suppose -2*d - 5 = -27. Calculate the highest common divisor of d and 99.
11
Suppose -1 - 9 = -2*l. Suppose a + 676 = l*o - 154, -5*o - 3*a = -810. What is the highest common factor of o and 15?
15
Suppose -n + 20 = -5*z, 0 = 2*n - 5*n + 2*z + 47. Suppose f + 24 + 5 = 3*x, x - 3*f - n = 0. Calculate the highest common factor of 9 and x.
9
Let g be 6/(-9) + (-62)/6. Let q = -6 - g. Let u(h) = 12*h - 4. Let j be u(q). Calculate the greatest common factor of j and 8.
8
Let m be 81/(-4) - (-2)/8. Let h be ((-24)/m)/(3/10). Let n be (-164)/(-14) - (1 - (-90)/(-70)). What is the highest common divisor of n and h?
4
Let s(t) = -t**3 - 11*t**2 + 10*t + 12. Let j be s(-10). Let i = j + 1194. Let p be i/8 + (-2)/(-8). What is the highest common factor of 21 and p?
21
Let l be (-4)/(-14) + 1915/35. Calculate the greatest common factor of 5 and l.
5
Suppose -3*k - 12 = -u, 2*k = -u + 5 + 7. Let m be u + 6*(-3)/(-6). Calculate the highest common factor of 60 and m.
15
Let a = 69 - 63. What is the highest common factor of 48 and a?
6
Let s(t) = t + 1. Let q be s(2). What is the highest common factor of 48 and q?
3
Let q be 7*(15/(-21) - -1). Let v be (-4)/(q/(-8)*1). Calculate the highest common factor of 64 and v.
16
Let o be ((-10)/(-3))/(-2)*-24. Let j = -118 + 128. Calculate the greatest common divisor of o and j.
10
Let u(c) be the second derivative of 27*c**4/4 - c**2/2 - 4*c. Let s be u(-1). What is the highest common factor of 16 and s?
16
Let h(g) = -37*g + 1. Let f be h(-3). Suppose 8*c - 5*c = 48. Calculate the greatest common factor of f and c.
16
Suppose 4*p + 4 = 2*q - 8, -5*q + 23 = -3*p. Suppose 3*r - n = q, r + 4*n = -0*n + 10. Calculate the greatest common factor of 14 and r.
2
Let p = 20 + 2. What is the highest common factor of 55 and p?
11
Let z(u) = -u**3 + 7*u**2 - 6*u + 9. Let j be z(6). Calculate the highest common divisor of 45 and j.
9
Suppose 5*z - 814 = -319. Suppose 0 = 7*u - 4*u - z. Calculate the highest common factor of 22 and u.
11
Let j(w) = 3*w - 52. Let v be j(22). Let n(a) = -a**3 - a**2 + a + 70. Let k be n(0). Calculate the highest common factor of v and k.
14
Let l(f) = -f**3 + 6*f**2 - 3*f + 2. Let m be l(4). Calculate the greatest common divisor of 55 and m.
11
Let u be 1/(4/136)*1. What is the highest common factor of u and 17?
17
Suppose 0 = -2*j + 41 + 11. Let f = -14 + j. Let o be (-3)/f + 651/12. What is the greatest common factor of o and 18?
18
Let w = 12 + -19. Let o = w + 27. Suppose 0*x + 2*x - 24 = 2*g, 5*g = -o. Calculate the highest common divisor of x and 2.
2
Let y = -173 - -309. What is the greatest common factor of 17 and y?
17
Let x be (-79)/(-11) + (-4)/22. Let q(k) = -k**3 - 5*k**2 + 4*k - 7. Let v be q(-6). Suppose 0*u + v*u = 140. Calculate the greatest common factor of u and x.
7
Suppose 0 = -32*s + 34*s - 64. What is the greatest common factor of s and 16?
16
Let p be 59 + -2*5/10. Calculate the highest common factor of 145 and p.
29
Suppose -o + 1 + 1 = 0. Suppose -2*n = 3*l - 9, 2*l = -l + n + 9. What is the greatest common divisor of l and o?
1
Suppose 600 = 7*v - 2*v. Let n be -2 + v - (3 + -5). Calculate the greatest common divisor of 24 and n.
24
Suppose 0 = 4*o - 12 + 8. Suppose -9 = -c + o. Calculate the greatest common divisor of c and 80.
10
Let y(r) = 18*r**2 - 4*r + 4. Let m(h) = -27*h**2 + 6*h - 6. Let l(p) = 5*m(p) + 8*y(p). Let d be l(-4). Calculate the highest common divisor of 14 and d.
14
Let b = 17 - -3. What is the greatest common factor of 50 and b?
10
Let h = 17 + -9. Let v be (h/10)/(4/110). What is the highest common factor of 11 and v?
11
Let r(b) = -5*b - 3. Let u(a) = 4*a + 2. Let w(t) = -2*r(t) - 3*u(t). Let n be w(-10). What is the highest common factor of 180 and n?
20
Suppose 2*j - 3*j = -8. Suppose 10 = -0*b - 5*b. Let c = b + 10. Calculate the highest common divisor of c and j.
8
Let c be (-166)/(-3) - (-12)/(-36). What is the highest common factor of c and 10?
5
Let g be (-4)/10 + 17/5. Suppose g*j - 2*j = 17. Let f(n) = 119*n. Let t be f(1). What is the greatest common factor of j and t?
17
Suppose 124 - 22 = z. Suppose -z = o + 165. Let x = -182 - o. What is the greatest common divisor of 17 and x?
17
Let u(s) = 26*s**3 - 4*s**2 + 3*s. Let g be u(2). What is the greatest common divisor of 22 and g?
22
Let y(i) = i**3 + 11*i**2 - 15*i - 15. Let h = 24 - 36. Let p be y(h). Let r = 2 - -145. Calculate the greatest common factor of r and p.
21
Let n = 13 - -1. What is the highest common factor of 56 and n?
14
Suppose -60*j + 310 = -58*j. What is the greatest common factor of j and 31?
31
Let z = 43 - 17. What is the greatest common factor of 65 and z?
13
Suppose 2*v = -9 + 11. Suppose -3 = -y - v. What is the highest common factor of y and 14?
2
Suppose 5*d = 20 + 10. Calculate the greatest common divisor of 12 and d.
6
Suppose 0*c = -7*c + 28. Let g be 2 + 3/(3/4). Suppose -n - 4*n + 56 = 2*s, -g = 3*s. What is the greatest common divisor of n and c?
4
Suppose -72 + 18 = -w + v, 5*v = -5*w + 220. Suppose 2*d - 5*t = w, -2*d + 56 = -3*t + 9. Let n = 1 - -1. What is the greatest common divisor of d and n?
2
Let d(b) = b**2 + 10*b + 4. Let w be d(-10). Let n(j) = j +